is divided by 1960.
7
What is the remainder when 3388 is divided by 190?
158
What is the remainder when 10048 is divided by 9?
4
What is the remainder when 9384 is divided by 35?
4
Calculate the remainder when 74727 is divided by 10672.
23
What is the remainder when 2981 is divided by 1459?
63
Calculate the remainder when 229182 is divided by 1014.
18
What is the remainder when 6644 is divided by 123?
2
What is the remainder when 11778 is divided by 5886?
6
Calculate the remainder when 99482 is divided by 209.
207
Calculate the remainder when 6439 is divided by 33.
4
Calculate the remainder when 24810 is divided by 7984.
858
Calculate the remainder when 1455327 is divided by 584.
583
Calculate the remainder when 83867 is divided by 482.
481
What is the remainder when 13683 is divided by 338?
163
Calculate the remainder when 375100 is divided by 63.
61
What is the remainder when 9790 is divided by 2437?
42
Calculate the remainder when 8482 is divided by 149.
138
Calculate the remainder when 3980 is divided by 809.
744
Calculate the remainder when 2375 is divided by 745.
140
What is the remainder when 1503 is divided by 278?
113
Calculate the remainder when 620348 is divided by 1446.
14
Calculate the remainder when 2220 is divided by 266.
92
What is the remainder when 74920 is divided by 37460?
0
Calculate the remainder when 10684 is divided by 34.
8
Calculate the remainder when 20342 is divided by 8.
6
Calculate the remainder when 623 is divided by 333.
290
Calculate the remainder when 81659 is divided by 157.
19
What is the remainder when 916197 is divided by 24?
21
Calculate the remainder when 3402 is divided by 126.
0
Calculate the remainder when 21132 is divided by 618.
120
What is the remainder when 26577 is divided by 12?
9
What is the remainder when 19517 is divided by 79?
4
What is the remainder when 14645 is divided by 1331?
4
Calculate the remainder when 9411 is divided by 57.
6
What is the remainder when 42226 is divided by 7019?
112
What is the remainder when 203105 is divided by 63?
56
Calculate the remainder when 554 is divided by 321.
233
Calculate the remainder when 2532 is divided by 104.
36
What is the remainder when 152773 is divided by 25?
23
What is the remainder when 3703 is divided by 1779?
145
What is the remainder when 14042 is divided by 1168?
26
Calculate the remainder when 1728 is divided by 1336.
392
Calculate the remainder when 187 is divided by 24.
19
Calculate the remainder when 2196855 is divided by 152.
151
Calculate the remainder when 912933 is divided by 12.
9
What is the remainder when 43229 is divided by 336?
221
Calculate the remainder when 6582 is divided by 2114.
240
Calculate the remainder when 6540 is divided by 9.
6
Calculate the remainder when 66938 is divided by 22311.
5
What is the remainder when 2623 is divided by 131?
3
What is the remainder when 997 is divided by 44?
29
What is the remainder when 12004 is divided by 999?
16
What is the remainder when 16434 is divided by 641?
409
Calculate the remainder when 15962 is divided by 158.
4
Calculate the remainder when 85922 is divided by 298.
98
Calculate the remainder when 1370068 is divided by 130.
128
Calculate the remainder when 247920 is divided by 5.
0
Calculate the remainder when 152675 is divided by 574.
565
Calculate the remainder when 6781 is divided by 14.
5
Calculate the remainder when 22390 is divided by 3176.
158
Calculate the remainder when 309381 is divided by 215.
211
Calculate the remainder when 5104 is divided by 67.
12
Calculate the remainder when 684685 is divided by 23.
21
What is the remainder when 4626 is divided by 308?
6
What is the remainder when 18475 is divided by 402?
385
What is the remainder when 1945 is divided by 129?
10
What is the remainder when 26875 is divided by 4462?
103
Calculate the remainder when 25535 is divided by 8.
7
What is the remainder when 6974 is divided by 82?
4
Calculate the remainder when 21053 is divided by 130.
123
What is the remainder when 20158 is divided by 142?
136
What is the remainder when 821 is divided by 69?
62
Calculate the remainder when 25479 is divided by 6365.
19
Calculate the remainder when 3505 is divided by 199.
122
Calculate the remainder when 1121 is divided by 167.
119
Calculate the remainder when 150610 is divided by 24.
10
What is the remainder when 741 is divided by 655?
86
Calculate the remainder when 1067 is divided by 1040.
27
Calculate the remainder when 3869 is divided by 81.
62
What is the remainder when 4160 is divided by 1377?
29
What is the remainder when 15367 is divided by 68?
67
Calculate the remainder when 9932 is divided by 92.
88
What is the remainder when 5070 is divided by 1012?
10
Calculate the remainder when 18608 is divided by 9295.
18
What is the remainder when 125272 is divided by 1098?
100
What is the remainder when 91659 is divided by 67?
3
Calculate the remainder when 2468 is divided by 37.
26
What is the remainder when 12543 is divided by 64?
63
Calculate the remainder when 84156 is divided by 84115.
41
Calculate the remainder when 3640 is divided by 182.
0
What is the remainder when 6740 is divided by 1334?
70
What is the remainder when 426119 is divided by 12?
11
Calculate the remainder when 63457 is divided by 88.
9
What is the remainder when 2369 is divided by 149?
134
What is the remainder when 327293 is divided by 46?
3
Calculate the remainder when 10394 is divided by 346.
14
Calculate the remainder when 171305 is divided by 93.
92
Calculate the remainder when 325 is divided by 41.
38
What is the remainder when 145418 is divided by 5?
3
What is the remainder when 76568 is divided by 291?
35
Calculate the remainder when 78305 is divided by 82.
77
What is the remainder when 44753 is divided by 497?
23
What is the remainder when 654 is divided by 127?
19
What is the remainder when 1595 is divided by 523?
26
Calculate the remainder when 271617 is divided by 60.
57
Calculate the remainder when 154769 is divided by 384.
17
What is the remainder when 5477 is divided by 616?
549
What is the remainder when 11019 is divided by 106?
101
What is the remainder when 1107990 is divided by 367?
17
Calculate the remainder when 7524793 is divided by 17.
15
Calculate the remainder when 189783 is divided by 28.
27
Calculate the remainder when 73918 is divided by 165.
163
What is the remainder when 82553 is divided by 120?
113
What is the remainder when 1312 is divided by 102?
88
What is the remainder when 111077 is divided by 22?
21
Calculate the remainder when 91037 is divided by 1622.
205
What is the remainder when 5404 is divided by 831?
418
Calculate the remainder when 9490 is divided by 14.
12
Calculate the remainder when 6893 is divided by 211.
141
Calculate the remainder when 6319 is divided by 58.
55
What is the remainder when 1357053 is divided by 76?
73
Calculate the remainder when 2162 is divided by 359.
8
What is the remainder when 2718 is divided by 2701?
17
Calculate the remainder when 5349 is divided by 595.
589
Calculate the remainder when 100715 is divided by 28.
27
Calculate the remainder when 30212 is divided by 34.
20
What is the remainder when 11665 is divided by 21?
10
Calculate the remainder when 2442 is divided by 17.
11
What is the remainder when 10768 is divided by 19?
14
What is the remainder when 35277 is divided by 31?
30
What is the remainder when 115597 is divided by 16511?
20
What is the remainder when 12709 is divided by 34?
27
Calculate the remainder when 2272260 is divided by 23.
21
Calculate the remainder when 877367 is divided by 65.
62
Calculate the remainder when 837 is divided by 116.
25
What is the remainder when 20310 is divided by 5073?
18
Calculate the remainder when 606 is divided by 72.
30
Calculate the remainder when 99612 is divided by 14230.
2
Calculate the remainder when 6774 is divided by 127.
43
Calculate the remainder when 5453885 is divided by 488.
485
What is the remainder when 267 is divided by 130?
7
What is the remainder when 4175 is divided by 1390?
5
What is the remainder when 43038 is divided by 203?
2
What is the remainder when 130948 is divided by 450?
448
What is the remainder when 5788 is divided by 259?
90
What is the remainder when 34925 is divided by 213?
206
What is the remainder when 10